 24.
24
Suppose 4*s + 2 = 2*s. Let y be (s - -11)/(6/12). Suppose -26 = -2*o - 2*h, 3*o + 5*h - 45 = -0*o. Calculate the greatest common divisor of o and y.
10
Let o = -41 + 52. Suppose 2*a - g = -0*g + 4, 3*g = 5*a - 11. Calculate the greatest common divisor of a and o.
1
Suppose -3*h + 2*z = -3*z - 153, -h - 5*z + 31 = 0. Let o be (26 - h)*(2/(-4) + 0). Calculate the highest common factor of o and 20.
10
Let y(k) = -6*k + 0*k**2 + 10 + k**2 + k**2. Let x be y(4). Calculate the highest common divisor of x and 6.
6
Suppose -3*y = -4*c + 2*y + 255, -3*c = -5*y - 190. Calculate the greatest common divisor of 169 and c.
13
Let l(c) = 5*c**3 - 8*c**2 + 9*c + 14. Let p be l(3). Calculate the highest common divisor of p and 152.
8
Let o be (-10857)/99*(0 + -3). Suppose -2 = -g + 45. What is the greatest common factor of o and g?
47
Suppose r = 4, 7 + 12 = p + 4*r. Suppose 0 = -6*k - 9 + 225. Suppose k = 4*a - 72. Calculate the greatest common factor of p and a.
3
Let a(c) = -25*c + 35. Let i be a(-6). What is the highest common divisor of i and 37?
37
Suppose -q + 12 = 3*n, 2*n - 8 = -q - 0*n. Let i be 28/(-6)*(-33 + q). Calculate the greatest common divisor of 14 and i.
14
Let n = 327 - -114. Calculate the highest common divisor of n and 49.
49
Let f(z) = -15*z - 22. Let o be f(9). Let y = -93 - o. Let i be 0 - 6/(-3)*y. Calculate the greatest common factor of i and 16.
16
Let q be (-28)/238 + (-2297)/(-17). Calculate the greatest common divisor of 63 and q.
9
Let x(v) = 16*v - 5. Let k be x(5). Suppose 0 = -w + 3*r + 21, -4*r = 3 - 15. Calculate the greatest common factor of k and w.
15
Let b(q) = q**3 - 19*q**2 - 59*q - 21. Let d be b(22). What is the greatest common factor of d and 7?
7
Let l(c) = -c + 7. Let k be l(5). Let r = k + 22. Suppose -2*z + 16 = -r. What is the highest common factor of 50 and z?
10
Suppose 5*d = 5, -d - 4*d = -5*o + 15. Suppose -3*z - 2*w + 368 = 0, -3*z - o*w + 255 = -121. Calculate the highest common factor of z and 15.
15
Let l be (-9)/(-2)*4/(-6). Let z be (0 - -5) + (-3 - l). Let d be z + -3 - (-1 + -6). Calculate the highest common divisor of d and 27.
9
Suppose 4*u + 3*j = -2*j + 287, -3*u = 3*j - 219. Calculate the greatest common divisor of 208 and u.
26
Let p(o) = 2*o + 16. Let r be p(-8). Suppose r = x + 2 - 17. Let y = 8 - 2. What is the highest common factor of y and x?
3
Let i = -53 + 118. Let l be (-12)/(-18)*-9 + 19. What is the highest common divisor of i and l?
13
Let g(s) = 5*s - 1. Let p be g(1). Let j be 3 + p/1*2. Suppose -6 = -m + j. Calculate the highest common factor of 119 and m.
17
Let j be (15*15)/(15/10). Suppose t = 4 + j. Calculate the greatest common divisor of 14 and t.
14
Let h(t) = 13*t - 80. Let i be h(7). What is the greatest common factor of 341 and i?
11
Suppose -444 = -12*z - 12. What is the highest common factor of z and 60?
12
Let n = -919 + 964. What is the highest common factor of n and 1035?
45
Suppose 4*a - a = -759. Let u be 4/34 - a/17. Calculate the highest common factor of 10 and u.
5
Suppose 5*m - 363 = 197. Suppose -7*i = -3*i - m. Let z(u) = 3*u + 1. Let x be z(1). Calculate the greatest common factor of x and i.
4
Suppose -32*s + 72 = -24*s. What is the greatest common divisor of 39 and s?
3
Suppose 2*n + 5 = 3*l + 16, 5*n - 3*l = 32. What is the greatest common factor of 917 and n?
7
Let n(r) = r**3 - 7*r**2 - r + 12. Let i be n(7). Suppose 0 = -5*p - 3*m + m + 40, -2*p + 16 = i*m. Calculate the greatest common divisor of p and 128.
8
Let r(v) = -13*v - 66. Let w be r(-9). What is the greatest common factor of w and 136?
17
Let j(n) = -12*n - 17. Let l be j(-3). Calculate the greatest common divisor of 304 and l.
19
Suppose 2*i + g = -0*i + 71, i - 34 = -g. Calculate the greatest common divisor of i and 185.
37
Suppose -g + 2662 - 252 = 5*r, -2*g + 4848 = 3*r. Calculate the highest common factor of 90 and g.
90
Suppose 0 = 4*b + 127 - 323. Let l(j) = j + 13. Let s be l(-6). Calculate the greatest common factor of s and b.
7
Suppose -5*j = -4*j - 4. Let s be 6/(-8) - (-135)/36. Suppose 0 = 5*y - q + s*q - 180, 2*y = -5*q + 72. What is the highest common factor of j and y?
4
Let a be -8*5/(-3)*27/(-18). Let l be 3/(-3)*1*-25. Let h be (1 + -61)*a/l. What is the highest common divisor of 120 and h?
24
Suppose 3*l + a - 193 = 0, -2*l + 127 = -0*a + a. Suppose 2*j - 198 = -c, 0*c + c = 3*j - 297. What is the greatest common factor of l and j?
33
Suppose -3*g = -45*j + 44*j - 786, -4*g + 2*j + 1050 = 0. What is the greatest common factor of 58 and g?
29
Suppose 5*h - 117 = -5*s - 27, 3*h = -s + 24. Suppose 6*w - w - 150 = 0. What is the highest common factor of w and s?
15
Let y(q) = 97*q**3 - 14*q + 19. Let o be y(2). What is the greatest common factor of o and 118?
59
Let c = 435 + -347. Calculate the greatest common factor of 8 and c.
8
Suppose -4 = h, -6*z + 11*z - 2634 = -4*h. Calculate the highest common factor of 10 and z.
10
Let s(a) = -a**3 - 6*a**2 + 2*a - 14. Let m be s(-7). Let w = 45 - -186. Calculate the greatest common factor of m and w.
21
Let m = -45 + 47. Suppose 5*r - 60 = -2*d + 3*r, 0 = m*d - r - 75. Calculate the highest common divisor of d and 10.
5
Suppose 5*m - 16 = 19. Let s = m + 7. Suppose -2*x - 5*g + 191 = 0, -2*x + 194 = -0*x + 2*g. Calculate the highest common divisor of x and s.
14
Let b = -139 - -355. Calculate the greatest common factor of 144 and b.
72
Let p(l) = -l**3 + 6*l**2 + 8*l - 6. Let q be p(7). Let b = -36 - -45. What is the greatest common divisor of q and b?
1
Let l be 1/5 - (-171768)/85. Calculate the greatest common divisor of 47 and l.
47
Suppose -15*u - 29 + 629 = 0. Calculate the greatest common divisor of u and 35.
5
Suppose 3*y = 36 - 3. Let g(z) = 3*z - 43. Let f(k) = 2*k - 44. Let a(p) = -6*f(p) + 7*g(p). Let i be a(9). Calculate the greatest common divisor of i and y.
11
Suppose 3 = -2*i - 1. Let s be 6*(0 + 1/i). Let j = s - -36. What is the highest common divisor of j and 11?
11
Let h = -62 - -206. Let t be ((-9)/(-12))/(2*3/h). What is the greatest common factor of 162 and t?
18
Let f = -14 - -21. Suppose 17*o - 399 = -42. Calculate the greatest common factor of o and f.
7
Let p = 357 - 285. Calculate the highest common divisor of p and 36.
36
Suppose x - 104 = -2*v, 4*v = v - 4*x + 156. Let f = v + -49. What is the greatest common divisor of f and 9?
3
Let z = 1410 + -1025. What is the greatest common factor of z and 55?
55
Suppose -77 = 6*o - 1379. What is the highest common factor of 62 and o?
31
Let n be (-95)/2*(-36)/45. Calculate the highest common divisor of 247 and n.
19
Suppose 0*y = -0*y - 9*y + 36. Let p be 8/((-3)/((-69)/2)). Calculate the greatest common divisor of y and p.
4
Suppose -113 = -6*y + 667. Calculate the highest common factor of 40 and y.
10
Let l(m) = -m + 1. Let p be l(-13). Suppose p + 2 = 4*d. Suppose -14 = -5*i + 2*k, -5*i + d*k + 0 + 8 = 0. What is the greatest common divisor of 44 and i?
4
Let f = 2712 - 2676. Let l(c) = -c**3 - 6*c**2 - 4*c. Let t be l(-6). What is the highest common factor of t and f?
12
Let p(x) = 7*x**2 - 20*x - 44. Let m be p(11). Calculate the highest common factor of 106 and m.
53
Let k be 452/10 + (-3)/15. Let t(w) = 7*w - 3. Let h be t(4). Suppose -h = -2*b - 3*b. Calculate the greatest common divisor of k and b.
5
Let t(c) = 38*c**2 + 11*c + 42. Let d be t(-3). Calculate the highest common divisor of 3 and d.
3
Let a(s) = -5*s**2 + 7*s + 4. Suppose -28 = 2*d - 6*d. Let l be a(d). Let u be (l/(-56))/((-2)/(-14)). What is the highest common divisor of u and 12?
12
Let n(g) be the second derivative of 2*g**3/3 - 2*g**2 - 3*g. Let a be n(-7). Let x = a + 46. What is the highest common divisor of 28 and x?
14
Let n be ((-14)/8)/(1/(-8)). Let x be ((-252)/60)/(1/(-5)). What is the greatest common divisor of x and n?
7
Suppose -13 = -3*f - 4. Let g(t) = 2*t**3 + 1. Let w be g(f). Calculate the greatest common factor of 5 and w.
5
Let w(s) = 0*s - 95 + 97 - s + 2*s**2 + 2*s. Let v be w(2). Suppose 10*d = v*d - 42. Calculate the greatest common factor of d and 42.
21
Let m = -1823 - -1865. Calculate the highest common divisor of m and 1722.
42
Suppose u - 3 - 6 = 0. Suppose 4*b = s + 3 + 109, 3*s + 120 = 4*b. Calculate the highest common divisor of u and b.
